+ f*l - 48. Calculate the remainder when 37 is divided by x.
11
Let a(t) = 6*t - 3*t - 2 + t - 3*t. Calculate the remainder when ((-2)/(-6))/((-2)/(-66)) is divided by a(6).
3
Calculate the remainder when (-3 - 10/(-4))*-50 is divided by 14.
11
Suppose -3*o + 7 = -17. Calculate the remainder when 23 is divided by o.
7
Suppose 5*s - 7 = 8. Suppose 2*k + 2*l = -0*k, 3*k - 5 = -2*l. What is the remainder when k is divided by s?
2
Suppose -4*x - 4 = 0, -q + 3*q + 3*x = 57. Calculate the remainder when 148 is divided by q.
28
Let t(l) = 14*l + 4. Let v be (-2)/4 - (-238)/(-4). What is the remainder when t(3) is divided by 12/(5/(v/(-9)))?
14
Suppose -7*q + 56 = -0. Calculate the remainder when 28 is divided by q.
4
Let g(i) = i**3 - 8*i**2 - 6*i - 13. What is the remainder when 67 is divided by g(9)?
11
Let v = 108 + -47. Calculate the remainder when v is divided by 21.
19
Let c(h) = -h**2 - 10*h - 6. Let x be c(-9). Suppose -2*w + 175 = 5*u, -2*u = u + x*w - 105. What is the remainder when u is divided by 9?
8
Let t(l) = -18*l + 4. Suppose 5 = s - 10. Calculate the remainder when t(-3) is divided by s.
13
Suppose 4*w - 11 = t, -8*w + 4*w + 10 = -2*t. Suppose -p - w = -2*b, -36 + 6 = -5*p + b. Suppose -o + 42 = p. What is the remainder when o is divided by 12?
11
What is the remainder when 406 is divided by (-1456)/(-42) - (2 - (-4)/(-3))?
32
Suppose -9*q = -6*q - 306. Calculate the remainder when q is divided by 26.
24
Suppose j + 3 = 1. Let c(z) = -10*z - 4. What is the remainder when 29 is divided by c(j)?
13
Suppose 2*s + 5*w = 5, -5*s + w = -2*w - 90. Calculate the remainder when 44 is divided by s.
14
Suppose -2*y = -4*v - 34, 2*v - 78 - 67 = -5*y. What is the remainder when y is divided by 7?
6
Let y(q) = -3*q - 2. Let k = 9 + -2. Let t = k + -11. What is the remainder when y(t) is divided by 6?
4
Let u = -24 - -208. Suppose -u = 5*n + 4*l, 2*l + 32 = -5*n - 150. Let d = n - -82. What is the remainder when d is divided by 16?
14
Calculate the remainder when 72 is divided by 2/(-8)*3*-20.
12
Suppose w - 12 + 46 = 5*d, 5*d + 3*w - 18 = 0. What is the remainder when 21 is divided by d?
3
Suppose 3*l = -5*x + 217, -202 = -3*l + 3*x - 5*x. What is the remainder when l is divided by 34?
30
Suppose 0 = -5*q + 4 + 71. What is the remainder when 58 is divided by q?
13
Suppose 5*x - 1 - 9 = 0. Let i = x - 0. What is the remainder when 3/(2/52*i) is divided by 20?
19
Let u(c) be the third derivative of 0*c**4 + 0*c + 0 + 1/2*c**3 + 1/120*c**6 + 2*c**2 - 7/60*c**5. What is the remainder when 5 is divided by u(7)?
2
Let h(r) = r**3 + 4*r**2 + 2*r - 2. Let m be h(-2). Suppose m*i + i = 60. Calculate the remainder when 58 is divided by i.
18
Suppose -s + 2*s + 184 = 0. Let m be (s/(-16))/((-2)/(-4)). Let z = 32 - m. Calculate the remainder when 16 is divided by z.
7
Suppose 3*q - 3 = -5*m - 37, 5*q + 5*m = -50. Let d be (-184)/(-32) - 2/q. Suppose d*h - 4*h - 20 = 0. Calculate the remainder when h is divided by 4.
2
Let o(g) = 2*g + 2. Let k = 1 - 9. Let a(v) = -v**3 - 9*v**2 - 11*v - 8. Calculate the remainder when a(k) is divided by o(2).
4
Let v = -143 + 158. What is the remainder when v is divided by 9?
6
Let k = 13 + -9. Suppose -k*q + 16 = 4*o, 0 = -2*o + 3*o - 2*q + 2. What is the remainder when 4 is divided by o?
0
Let a(n) = -n**2 - 6*n + 2. Let x(m) = -28*m - 2. Calculate the remainder when x(-1) is divided by a(-5).
5
Suppose -290 = -0*i - 5*i. Calculate the remainder when i is divided by 20.
18
Suppose -88 = 3*h - h. Let u = -25 - h. Suppose j + 111 = 4*j. Calculate the remainder when j is divided by u.
18
Let s = 36 - 18. Calculate the remainder when 25 is divided by s.
7
Suppose -2*t + 0*t = 5*r - 64, -2*t + 64 = -4*r. What is the remainder when t is divided by 11?
10
Let g(m) = -m. Let w be g(-5). Suppose -5*l = w*t - 85, -3*l + 43 = -0*t + t. What is the remainder when 50 is divided by l?
11
Let m(j) = -9*j + 3. Calculate the remainder when 178 is divided by m(-1).
10
Let f(z) = -25*z. Calculate the remainder when f(-1) is divided by 13.
12
Suppose 3*r = 15, 82 + 30 = 4*p + 4*r. Suppose -2*s - d = 4 - 93, 4*s - 177 = -d. Calculate the remainder when s is divided by p.
21
Let g(l) = -l**2 - 8. Let h be g(0). Let w = -3 - h. Let y = 14 + -6. Calculate the remainder when y is divided by w.
3
Let v be (-2 + 8/2)/2. What is the remainder when 29 is divided by 2 - (v - 7 - 2)?
9
Let p(v) = 2*v + 11. Let l be p(-10). Let c = l + 14. Calculate the remainder when 12 is divided by c.
2
Suppose p = 1, 0*p = -2*n + 5*p + 1. Suppose -2 = n*t - 77. What is the remainder when t is divided by (10/(-4))/5*-18?
7
Suppose -4*c = -c + 6. Let t be c/2 + 0 - 7. Let q = t - -19. Calculate the remainder when 20 is divided by q.
9
Suppose -3*h + 0*h = -s + 2, 0 = -4*s - 3*h + 8. What is the remainder when 5 is divided by s?
1
What is the remainder when (-10)/75 - 4444/(-30) is divided by 30?
28
Suppose n + 35 = -5*c, -4*n - 3*c + 15 - 70 = 0. Let h = n - -32. Calculate the remainder when h is divided by 8.
6
Let i be (2 + 0)/(11/22). Let m(c) = 12*c - 5. What is the remainder when m(i) is divided by 2 + (1 - -13) + -1?
13
Suppose -4*d - 3 = -11. What is the remainder when 13 is divided by (-7)/d*(-6)/3?
6
Let h(j) = -j**2 - 8*j - 7. Suppose 2*g = d + d - 52, d = -2*g + 11. Let c be 2/7 - 132/d. Calculate the remainder when 8 is divided by h(c).
3
Let g(b) = b**3 + 8*b**2 + 9*b + 9. Let w be g(-7). Let x(m) = -m**2 - 6*m. What is the remainder when 19 is divided by x(w)?
4
Let l = 109 + 44. Calculate the remainder when l is divided by 53.
47
Let a(g) = g**3 - 4*g**2 - 21*g + 10. What is the remainder when 26 is divided by a(7)?
6
Suppose -5*a + 4*a + 1 = 0. Suppose a = -4*p + 17. What is the remainder when 15 is divided by p?
3
Suppose -2*z + 19 + 11 = 0. Let i be (-13)/(-5) - 3/5. Suppose q + 42 = i*q. What is the remainder when q is divided by z?
12
Let v(i) = 3*i - 1 - 5*i - i. Let q be v(-7). Suppose -3*j + j = -q. Calculate the remainder when 28 is divided by j.
8
Let b be (1 + 70)/(-2 - -1). Let l = -49 - b. Calculate the remainder when l is divided by 12.
10
Let o(k) be the second derivative of 2*k**3 - k**2/2 - 4*k. Let f be (-1 - 0 - 0)/(-1). Calculate the remainder when o(f) is divided by 6.
5
Suppose 491 = -0*j + 5*j + 2*d, 5*d + 82 = j. What is the remainder when j is divided by 18?
7
Suppose 0 = -2*h + 6*h. What is the remainder when 74 is divided by -8 + 31 + 2 + h?
24
Suppose n = -0*n - 28. Suppose -2*i + 80 = -5*b, 3*i - 40 = 2*i - 4*b. Calculate the remainder when i is divided by 18/(-12)*n/3.
12
Suppose -2*q + 24 = q. Calculate the remainder when 31 is divided by q.
7
Let m(a) = 9*a - 1. Let x = 45 + -36. What is the remainder when m(3) is divided by x?
8
Suppose 19 = 5*c - 46. Calculate the remainder when 37 - (1 - ((-4)/(-1))/4) is divided by c.
11
Let v(q) = -2*q**2 - 3*q - 7. Let d be v(-6). Let c = 104 + d. What is the remainder when c is divided by 15?
13
Suppose 5*t = 3*r + 47 - 0, -5*t = 4*r - 54. Let z(j) = -j**3 - 8*j**2 - 3*j + 13. Calculate the remainder when z(-8) is divided by t.
7
Let f(j) = j**2 + 16*j - 6. Calculate the remainder when 32 is divided by f(-17).
10
Suppose -6*a = -3*a - 42. Suppose 16*l - a*l = 66. Calculate the remainder when 96 is divided by l.
30
Suppose 22 - 8 = -2*t. Calculate the remainder when (t/(-3))/(1/18) is divided by 11.
9
Suppose 5*b + 39 = g, 2*g = 8*b - 4*b + 48. Calculate the remainder when 52 is divided by g.
10
Suppose -3*k + 119 = -25. Calculate the remainder when k is divided by 17.
14
Suppose 2*b - 8 = 3*b. Let f = -8 - b. Suppose 2*o - 6 = -f. What is the remainder when o is divided by 2?
1
Suppose -1 = -3*f + 8. Suppose 0 = h + 3 + 1. Calculate the remainder when ((-8)/28)/(h/140) is divided by f.
1
Let z be (30 - 1) + (0 - 1). Suppose -38 = -3*v + 2*t, -2*v + 4*t + 56 = 2*v. Let n = z - v. What is the remainder when 53 is divided by n?
17
Let q = -21 - -53. What is the remainder when q is divided by 18?
14
Suppose 0 = s - 2*b + 3, 2*b + 6 = -4*s - 6. What is the remainder when (-1998)/(-15) - s/(-15) is divided by 34?
31
Suppose -2*s = -46 - 130. Let f = 149 - s. Let j = f + -39. What is the remainder when j is divided by 12?
10
Let m = -13 + 28. What is the remainder when 58 is divided b